{"id":102,"date":"2026-03-10T06:15:59","date_gmt":"2026-03-10T06:15:59","guid":{"rendered":"https:\/\/www.server-85.de\/fleischereipetzold\/?page_id=102"},"modified":"2026-03-10T13:08:35","modified_gmt":"2026-03-10T13:08:35","slug":"geschenkideen","status":"publish","type":"page","link":"https:\/\/www.fleischereipetzold.de\/index.php\/geschenkideen\/","title":{"rendered":"Geschenkideen"},"content":{"rendered":"\n<style type=\"text\/css\" data-created_by=\"avia_inline_auto\" id=\"style-css-av-9yzou-f1e0f4306459e4b1e55eb1d33465ed8c\">\n.avia-section.av-9yzou-f1e0f4306459e4b1e55eb1d33465ed8c{\nbackground-repeat:no-repeat;\nbackground-image:url(https:\/\/www.fleischereipetzold.de\/wp-content\/uploads\/2026\/03\/header-scaled.jpg);\nbackground-position:0% 0%;\nbackground-attachment:scroll;\n}\n.avia-section.av-9yzou-f1e0f4306459e4b1e55eb1d33465ed8c .av-section-color-overlay{\nopacity:0.3;\nbackground-color:#020202;\n}\n<\/style>\n<div id='av_section_1'  class='avia-section av-9yzou-f1e0f4306459e4b1e55eb1d33465ed8c main_color avia-section-default avia-no-border-styling  avia-builder-el-0  el_before_av_one_half  avia-builder-el-first  avia-bg-style-scroll av-section-color-overlay-active av-minimum-height av-minimum-height-50 av-height-50  container_wrap fullsize'  data-section-bg-repeat='no-repeat' data-av_minimum_height_pc='50' data-av_min_height_opt='50'><div class=\"av-section-color-overlay-wrap\"><div class=\"av-section-color-overlay\"><\/div><div class='container av-section-cont-open' ><main  role=\"main\" itemprop=\"mainContentOfPage\"  class='template-page content  av-content-full alpha units'><div class='post-entry post-entry-type-page post-entry-102'><div class='entry-content-wrapper clearfix'>\n<section  class='av_textblock_section av-mmkbxb3a-3ebc086710c010f12c10a5db10966642 '   itemscope=\"itemscope\" itemtype=\"https:\/\/schema.org\/CreativeWork\" ><div class='avia_textblock'  itemprop=\"text\" ><h4 style=\"text-align: center;\">Geschenkideen<\/h4>\n<\/div><\/section>\n<\/div><\/div><\/main><!-- close content main element --><\/div><\/div><\/div><div id='after_section_1'  class='main_color av_default_container_wrap container_wrap fullsize'  ><div class='container av-section-cont-open' ><div class='template-page content  av-content-full alpha units'><div class='post-entry post-entry-type-page post-entry-102'><div class='entry-content-wrapper clearfix'>\n<div  class='flex_column av-av_one_half-a2cef933b0a555f25d1e39b22a8e9dae av_one_half  avia-builder-el-2  el_after_av_section  el_before_av_one_half  avia-builder-el-first  first flex_column_div  '     ><section  class='av_textblock_section av-mmkcbiqz-c433972dd1aa014bbc7128921c6b565e '   itemscope=\"itemscope\" itemtype=\"https:\/\/schema.org\/CreativeWork\" ><div class='avia_textblock'  itemprop=\"text\" ><p data-start=\"2114\" data-end=\"2427\">Ob zum Geburtstag, Jubil\u00e4um, als Dankesch\u00f6n oder einfach als besondere Aufmerksamkeit \u2013 bei uns finden Sie kreative Geschenkideen mit herzhaften Spezialit\u00e4ten aus unserer Fleischerei. Mit viel Liebe zum Detail stellen wir individuelle Arrangements zusammen, die nicht nur gut aussehen, sondern auch gut schmecken.<\/p>\n<h3 data-section-id=\"73xqu9\" data-start=\"2429\" data-end=\"2438\"><\/h3>\n<p data-start=\"2439\" data-end=\"2456\"><strong data-start=\"2439\" data-end=\"2456\">Zum Beispiel:<\/strong><\/p>\n<ul data-start=\"2457\" data-end=\"2662\">\n<li data-section-id=\"128fwm9\" data-start=\"2457\" data-end=\"2473\">\n<p data-start=\"2459\" data-end=\"2473\">Wurststr\u00e4u\u00dfe<\/p>\n<\/li>\n<li data-section-id=\"e53kab\" data-start=\"2474\" data-end=\"2502\">\n<p data-start=\"2476\" data-end=\"2502\">Gew\u00fcrz- und Nudelstr\u00e4u\u00dfe<\/p>\n<\/li>\n<li data-section-id=\"lhiawa\" data-start=\"2503\" data-end=\"2519\">\n<p data-start=\"2505\" data-end=\"2519\">Pr\u00e4sentk\u00f6rbe<\/p>\n<\/li>\n<li data-section-id=\"3ftmjg\" data-start=\"2520\" data-end=\"2538\">\n<p data-start=\"2522\" data-end=\"2538\">Schinkenfrauen<\/p>\n<\/li>\n<li data-section-id=\"2ccrgp\" data-start=\"2539\" data-end=\"2557\">\n<p data-start=\"2541\" data-end=\"2557\">Schinkenm\u00e4nner<\/p>\n<\/li>\n<li data-section-id=\"1auc0ka\" data-start=\"2558\" data-end=\"2577\">\n<p data-start=\"2560\" data-end=\"2577\">Knackerm\u00e4nnchen<\/p>\n<\/li>\n<li data-section-id=\"46vkyt\" data-start=\"2578\" data-end=\"2621\">\n<p data-start=\"2580\" data-end=\"2621\">dekorativ best\u00fcckte Fr\u00fchst\u00fccksbrettchen<\/p>\n<\/li>\n<li data-section-id=\"1udesdh\" data-start=\"2622\" data-end=\"2662\">\n<p data-start=\"2624\" data-end=\"2662\">individuelle Geschenkideen nach Wunsch<\/p>\n<\/li>\n<\/ul>\n<\/div><\/section><\/div><div  class='flex_column av-av_one_half-538dd737667e19053994a94b9156413b av_one_half  avia-builder-el-4  el_after_av_one_half  avia-builder-el-last  flex_column_div  '     ><style type=\"text\/css\" data-created_by=\"avia_inline_auto\" id=\"style-css-av-mmkebjpx-36575973646577196024b5889cb05900\">\n.avia-image-container.av-mmkebjpx-36575973646577196024b5889cb05900 img.avia_image{\nbox-shadow:none;\n}\n.avia-image-container.av-mmkebjpx-36575973646577196024b5889cb05900 .av-image-caption-overlay-center{\ncolor:#ffffff;\n}\n<\/style>\n<div  class='avia-image-container av-mmkebjpx-36575973646577196024b5889cb05900 av-styling- avia-align-center  avia-builder-el-5  avia-builder-el-no-sibling '   itemprop=\"image\" itemscope=\"itemscope\" itemtype=\"https:\/\/schema.org\/ImageObject\" ><div class=\"avia-image-container-inner\"><div class=\"avia-image-overlay-wrap\"><img decoding=\"async\" fetchpriority=\"high\" class='wp-image-152 avia-img-lazy-loading-not-152 avia_image ' src=\"https:\/\/www.fleischereipetzold.de\/wp-content\/uploads\/2026\/03\/ChatGPT-Image-10.jpg\" alt='' title='ChatGPT-Image-10'  height=\"1536\" width=\"1024\"  itemprop=\"thumbnailUrl\" srcset=\"https:\/\/www.fleischereipetzold.de\/wp-content\/uploads\/2026\/03\/ChatGPT-Image-10.jpg 1024w, https:\/\/www.fleischereipetzold.de\/wp-content\/uploads\/2026\/03\/ChatGPT-Image-10-200x300.jpg 200w, https:\/\/www.fleischereipetzold.de\/wp-content\/uploads\/2026\/03\/ChatGPT-Image-10-687x1030.jpg 687w, https:\/\/www.fleischereipetzold.de\/wp-content\/uploads\/2026\/03\/ChatGPT-Image-10-768x1152.jpg 768w, https:\/\/www.fleischereipetzold.de\/wp-content\/uploads\/2026\/03\/ChatGPT-Image-10-1000x1500.jpg 1000w, https:\/\/www.fleischereipetzold.de\/wp-content\/uploads\/2026\/03\/ChatGPT-Image-10-470x705.jpg 470w\" sizes=\"(max-width: 1024px) 100vw, 1024px\" \/><\/div><\/div><\/div><\/div><\/p>\n","protected":false},"excerpt":{"rendered":"","protected":false},"author":1,"featured_media":0,"parent":0,"menu_order":0,"comment_status":"closed","ping_status":"closed","template":"","meta":{"footnotes":""},"class_list":["post-102","page","type-page","status-publish","hentry"],"_links":{"self":[{"href":"https:\/\/www.fleischereipetzold.de\/index.php\/wp-json\/wp\/v2\/pages\/102","targetHints":{"allow":["GET"]}}],"collection":[{"href":"https:\/\/www.fleischereipetzold.de\/index.php\/wp-json\/wp\/v2\/pages"}],"about":[{"href":"https:\/\/www.fleischereipetzold.de\/index.php\/wp-json\/wp\/v2\/types\/page"}],"author":[{"embeddable":true,"href":"https:\/\/www.fleischereipetzold.de\/index.php\/wp-json\/wp\/v2\/users\/1"}],"replies":[{"embeddable":true,"href":"https:\/\/www.fleischereipetzold.de\/index.php\/wp-json\/wp\/v2\/comments?post=102"}],"version-history":[{"count":3,"href":"https:\/\/www.fleischereipetzold.de\/index.php\/wp-json\/wp\/v2\/pages\/102\/revisions"}],"predecessor-version":[{"id":153,"href":"https:\/\/www.fleischereipetzold.de\/index.php\/wp-json\/wp\/v2\/pages\/102\/revisions\/153"}],"wp:attachment":[{"href":"https:\/\/www.fleischereipetzold.de\/index.php\/wp-json\/wp\/v2\/media?parent=102"}],"curies":[{"name":"wp","href":"https:\/\/api.w.org\/{rel}","templated":true}]}}